ors of 858437?
37, 23201
What are the prime factors of 371429?
61, 6089
What are the prime factors of 20346731?
907, 22433
What are the prime factors of 376287?
3, 125429
List the prime factors of 14125738.
2, 11, 642079
List the prime factors of 349927.
349927
What are the prime factors of 3833582?
2, 41, 46751
What are the prime factors of 1297211?
1297211
List the prime factors of 998625.
3, 5, 2663
List the prime factors of 645034.
2, 13, 24809
List the prime factors of 1469422.
2, 19, 38669
List the prime factors of 7789380.
2, 3, 5, 197, 659
What are the prime factors of 906454?
2, 453227
What are the prime factors of 12565553?
7, 11, 13, 12553
List the prime factors of 1404544.
2, 10973
List the prime factors of 7761420.
2, 3, 5, 1597
List the prime factors of 3970511.
31, 263, 487
What are the prime factors of 691548?
2, 3, 11, 13, 31
List the prime factors of 117972.
2, 3, 29, 113
List the prime factors of 1128846.
2, 3, 47, 4003
List the prime factors of 10675960.
2, 5, 266899
List the prime factors of 10068102.
2, 3, 11, 50849
What are the prime factors of 192529?
192529
List the prime factors of 15512840.
2, 5, 7, 17, 3259
List the prime factors of 1340955.
3, 5, 7, 11, 43
List the prime factors of 8168257.
8168257
What are the prime factors of 240224?
2, 7507
List the prime factors of 192188.
2, 23, 2089
What are the prime factors of 235733?
19, 653
What are the prime factors of 43329?
3, 11, 13, 101
List the prime factors of 516971.
7, 13, 19, 23
What are the prime factors of 238012?
2, 157, 379
What are the prime factors of 1442765?
5, 19, 15187
What are the prime factors of 6292146?
2, 3, 7, 37, 4049
What are the prime factors of 1607397?
3, 11, 67, 727
List the prime factors of 1020689.
1020689
What are the prime factors of 1387974?
2, 3, 7, 4721
What are the prime factors of 2664051?
3, 13, 83, 823
List the prime factors of 1349838.
2, 3, 7, 3571
What are the prime factors of 292354?
2, 127, 1151
List the prime factors of 2282405.
5, 23, 89, 223
List the prime factors of 38615.
5, 7723
List the prime factors of 4990119.
3, 1663373
What are the prime factors of 1972023?
3, 43, 15287
List the prime factors of 248707.
248707
List the prime factors of 23731077.
3, 29, 272771
What are the prime factors of 5308551?
3, 196613
What are the prime factors of 187428?
2, 3, 15619
List the prime factors of 844982.
2, 647, 653
What are the prime factors of 9537?
3, 11, 17
List the prime factors of 1053659.
31, 41, 829
List the prime factors of 176253.
3, 7, 11, 109
What are the prime factors of 7968391?
19, 41, 53, 193
What are the prime factors of 258892?
2, 59, 1097
What are the prime factors of 4384015?
5, 73, 12011
What are the prime factors of 1548236?
2, 53, 67, 109
List the prime factors of 843983.
7, 120569
What are the prime factors of 2111541?
3, 41, 17167
List the prime factors of 18425636.
2, 71, 64879
List the prime factors of 271.
271
List the prime factors of 26320917.
3, 7, 1253377
What are the prime factors of 229659?
3, 37, 2069
What are the prime factors of 11065361?
11065361
List the prime factors of 5786634.
2, 3, 7, 137777
What are the prime factors of 258457?
19, 61, 223
List the prime factors of 10375057.
7, 11, 134741
What are the prime factors of 2644152?
2, 3, 7, 15739
List the prime factors of 3983172.
2, 3, 73, 4547
What are the prime factors of 1555832?
2, 194479
List the prime factors of 806533.
7, 13, 8863
What are the prime factors of 278953?
17, 61, 269
What are the prime factors of 949680?
2, 3, 5, 1319
What are the prime factors of 163844?
2, 40961
What are the prime factors of 8436529?
41, 149, 1381
List the prime factors of 5945142.
2, 3, 7, 141551
What are the prime factors of 1068659?
61, 17519
List the prime factors of 29577.
3, 9859
What are the prime factors of 286713?
3, 7, 37, 41
What are the prime factors of 2681510?
2, 5, 13, 20627
List the prime factors of 1740527.
1740527
What are the prime factors of 485782?
2, 11, 71, 311
List the prime factors of 628354.
2, 17, 18481
What are the prime factors of 3201464?
2, 7, 8167
What are the prime factors of 8997284?
2, 17, 132313
List the prime factors of 84062.
2, 11, 3821
What are the prime factors of 2138385?
3, 5, 142559
What are the prime factors of 257046?
2, 3, 42841
List the prime factors of 1922534.
2, 19, 50593
List the prime factors of 50200.
2, 5, 251
List the prime factors of 18387261.
3, 37, 55217
List the prime factors of 6309900.
2, 3, 5, 19, 41
List the prime factors of 32395079.
47, 689257
What are the prime factors of 14628638?
2, 101, 139, 521
What are the prime factors of 1072950?
2, 3, 5, 23, 311
List the prime factors of 2979262.
2, 11, 13, 947
List the prime factors of 2918228.
2, 729557
List the prime factors of 2275344.
2, 3, 23, 229
List the prime factors of 7205978.
2, 13, 19, 29, 503
What are the prime factors of 2251036?
2, 562759
List the prime factors of 925892.
2, 11, 1913
What are the prime factors of 6174088?
2, 19, 151, 269
List the prime factors of 23220.
2, 3, 5, 43
What are the prime factors of 10477924?
2, 2619481
List the prime factors of 685084.
2, 171271
What are the prime factors of 424908?
2, 3, 11, 29, 37
What are the prime factors of 142573?
142573
What are the prime factors of 11099601?
3, 997, 1237
List the prime factors of 21226716.
2, 3, 7, 131, 643
List the prime factors of 3076794.
2, 3, 7, 24419
What are the prime factors of 220831?
13, 16987
What are the prime factors of 2282276?
2, 570569
List the prime factors of 66736.
2, 43, 97
What are the prime factors of 557780?
2, 5, 167
List the prime factors of 119254.
2, 59627
What are the prime factors of 6406371?
3, 139, 569
List the prime factors of 1723320.
2, 3, 5, 4787
What are the prime factors of 14072999?
14072999
List the prime factors of 784227.
3, 17, 15377
What are the prime factors of 1148596?
2, 287149
What are the prime factors of 9104997?
3, 11, 37, 7457
What are the prime factors of 1003696?
2, 62731
List the prime factors of 713716.
2, 19, 9391
What are the prime factors of 5799087?
3, 7, 61, 503
What are the prime factors of 1638789?
3, 546263
List the prime factors of 5431941.
3, 67061
List the prime factors of 11155153.
353, 31601
What are the prime factors of 90663?
3, 47, 643
What are the prime factors of 181899?
3, 6737
List the prime factors of 169935.
3, 5, 11329
List the prime factors of 34304186.
2, 7, 157, 15607
What are the prime factors of 194992?
2, 7, 1741
List the prime factors of 25646.
2, 12823
List the prime factors of 9381956.
2, 503, 4663
List the prime factors of 245589.
3, 71, 1153
What are the prime factors of 3586882?
2, 13, 137957
List the prime factors of 6628398.
2, 3, 7, 97, 1627
List the prime factors of 160407.
3, 13, 457
What are the prime factors of 13697924?
2, 3424481
List the prime factors of 699153.
3, 7, 13, 197
What are the prime factors of 1360394?
2, 7, 97171
What are the prime factors of 138465?
3, 5, 17, 181
List the prime factors of 608141.
17, 83, 431
What are the prime factors of 1501055?
5, 83, 3617
List the prime factors of 52643.
61, 863
What are the prime factors of 83430?
2, 3, 5, 103
What are the prime factors of 2396400?
2, 3, 5, 1997
List the prime factors of 3338815.
5, 733, 911
What are the prime factors of 5092909?
5092909
List the prime factors of 26951412.
2, 3, 2245951
What are the prime factors of 56185?
5, 17, 661
List the prime factors of 136841.
136841
List the prime factors of 1962384.
2, 3, 40883
List the prime factors of 232600.
2, 5, 1163
List the prime factors of 227753.
19, 11987
List the prime factors of 6153353.
53, 116101
What are the prime factors of 6910027?
6910027
List the prime factors of 153667.
31, 4957
List the prime factors of 394046.
2, 197023
List the prime factors of 509347.
59, 89, 97
What are the prime factors of 334144?
2, 23, 227
What are the prime factors of 210768?
2, 3, 4391
List the prime factors of 884071.
601, 1471
List the prime factors of 12478670.
2, 5, 1247867
List the prime factors of 149889.
3, 17, 2939
What are the prime factors of 1014873?
3, 37, 41, 223
List the prime factors of 4300868.
2, 11, 13, 73, 103
What are the prime factors of 291234?
2, 3, 48539
What are the prime factors of 294596?
2, 47, 1567
What are the prime fac